 divided by 3?
1
Calculate the remainder when 172 is divided by 6.
4
What is the remainder when 153 is divided by 8?
1
Calculate the remainder when 611 is divided by 24.
11
Calculate the remainder when 1445 is divided by 299.
249
What is the remainder when 140 is divided by 71?
69
Calculate the remainder when 3990 is divided by 108.
102
What is the remainder when 3226 is divided by 643?
11
What is the remainder when 690 is divided by 172?
2
Calculate the remainder when 222 is divided by 18.
6
Calculate the remainder when 4424 is divided by 75.
74
Calculate the remainder when 1929 is divided by 482.
1
Calculate the remainder when 144 is divided by 26.
14
What is the remainder when 121 is divided by 44?
33
What is the remainder when 962 is divided by 217?
94
Calculate the remainder when 739 is divided by 247.
245
Calculate the remainder when 534 is divided by 10.
4
What is the remainder when 768 is divided by 112?
96
What is the remainder when 1189 is divided by 299?
292
What is the remainder when 303 is divided by 156?
147
What is the remainder when 303 is divided by 96?
15
What is the remainder when 102 is divided by 13?
11
What is the remainder when 141 is divided by 73?
68
What is the remainder when 301 is divided by 114?
73
Calculate the remainder when 143 is divided by 16.
15
What is the remainder when 294 is divided by 57?
9
What is the remainder when 4896 is divided by 223?
213
Calculate the remainder when 57 is divided by 57.
0
Calculate the remainder when 201 is divided by 11.
3
What is the remainder when 170 is divided by 57?
56
What is the remainder when 395 is divided by 118?
41
What is the remainder when 472 is divided by 150?
22
Calculate the remainder when 53 is divided by 17.
2
What is the remainder when 101 is divided by 41?
19
What is the remainder when 95 is divided by 24?
23
What is the remainder when 1235 is divided by 54?
47
Calculate the remainder when 389 is divided by 39.
38
Calculate the remainder when 97 is divided by 50.
47
Calculate the remainder when 536 is divided by 51.
26
What is the remainder when 1028 is divided by 81?
56
What is the remainder when 780 is divided by 46?
44
Calculate the remainder when 1923 is divided by 25.
23
Calculate the remainder when 39 is divided by 15.
9
What is the remainder when 1300 is divided by 325?
0
What is the remainder when 364 is divided by 95?
79
Calculate the remainder when 2163 is divided by 38.
35
What is the remainder when 91 is divided by 36?
19
Calculate the remainder when 203 is divided by 12.
11
What is the remainder when 2897 is divided by 721?
13
What is the remainder when 567 is divided by 219?
129
What is the remainder when 28358 is divided by 20?
18
Calculate the remainder when 703 is divided by 15.
13
What is the remainder when 1264 is divided by 412?
28
What is the remainder when 1236 is divided by 54?
48
What is the remainder when 1947 is divided by 4?
3
Calculate the remainder when 353 is divided by 33.
23
Calculate the remainder when 21681 is divided by 156.
153
What is the remainder when 3748 is divided by 30?
28
What is the remainder when 12499 is divided by 10?
9
What is the remainder when 114 is divided by 21?
9
Calculate the remainder when 117 is divided by 32.
21
What is the remainder when 514 is divided by 133?
115
What is the remainder when 481 is divided by 154?
19
Calculate the remainder when 2848 is divided by 25.
23
What is the remainder when 1350 is divided by 169?
167
What is the remainder when 1576 is divided by 32?
8
Calculate the remainder when 402 is divided by 106.
84
Calculate the remainder when 20039 is divided by 51.
47
Calculate the remainder when 15575 is divided by 37.
35
Calculate the remainder when 74 is divided by 39.
35
What is the remainder when 476 is divided by 53?
52
Calculate the remainder when 381 is divided by 87.
33
Calculate the remainder when 30 is divided by 20.
10
Calculate the remainder when 281 is divided by 47.
46
What is the remainder when 1039 is divided by 20?
19
What is the remainder when 270 is divided by 89?
3
What is the remainder when 2324 is divided by 97?
93
Calculate the remainder when 537 is divided by 30.
27
Calculate the remainder when 200 is divided by 119.
81
What is the remainder when 94 is divided by 28?
10
Calculate the remainder when 1579 is divided by 9.
4
What is the remainder when 134 is divided by 34?
32
Calculate the remainder when 5 is divided by 4.
1
Calculate the remainder when 670 is divided by 89.
47
What is the remainder when 278 is divided by 91?
5
Calculate the remainder when 288 is divided by 102.
84
What is the remainder when 4869 is divided by 12?
9
Calculate the remainder when 49 is divided by 21.
7
Calculate the remainder when 1747 is divided by 195.
187
Calculate the remainder when 29 is divided by 6.
5
What is the remainder when 4621 is divided by 67?
65
Calculate the remainder when 376 is divided by 124.
4
Calculate the remainder when 1781 is divided by 211.
93
What is the remainder when 5576 is divided by 124?
120
Calculate the remainder when 316 is divided by 40.
36
What is the remainder when 37 is divided by 26?
11
Calculate the remainder when 324 is divided by 113.
98
What is the remainder when 1700 is divided by 112?
20
Calculate the remainder when 903 is divided by 415.
73
What is the remainder when 3506 is divided by 1168?
2
Calculate the remainder when 199 is divided by 26.
17
What is the remainder when 6368 is divided by 108?
104
Calculate the remainder when 253 is divided by 17.
15
What is the remainder when 15575 is divided by 95?
90
What is the remainder when 403 is divided by 46?
35
What is the remainder when 9989 is divided by 97?
95
Calculate the remainder when 59 is divided by 18.
5
Calculate the remainder when 324 is divided by 82.
78
Calculate the remainder when 191 is divided by 33.
26
What is the remainder when 94 is divided by 49?
45
Calculate the remainder when 913 is divided by 113.
9
Calculate the remainder when 545 is divided by 26.
25
What is the remainder when 560 is divided by 38?
28
Calculate the remainder when 414 is divided by 307.
107
Calculate the remainder when 60798 is divided by 16.
14
Calculate the remainder when 1103 is divided by 282.
257
Calculate the remainder when 100 is divided by 37.
26
What is the remainder when 765 is divided by 153?
0
Calculate the remainder when 612 is divided by 302.
8
Calculate the remainder when 798 is divided by 7.
0
Calculate the remainder when 158 is divided by 49.
11
Calculate the remainder when 455 is divided by 19.
18
What is the remainder when 1678 is divided by 211?
201
Calculate the remainder when 4162 is divided by 23.
22
What is the remainder when 1331 is divided by 12?
11
What is the remainder when 3139 is divided by 783?
7
Calculate the remainder when 345 is divided by 173.
172
Calculate the remainder when 149 is divided by 104.
45
What is the remainder when 13208 is divided by 111?
110
Calculate the remainder when 140 is divided by 35.
0
What is the remainder when 264 is divided by 106?
52
Calculate the remainder when 1045 is divided by 341.
22
What is the remainder when 1806 is divided by 302?
296
Calculate the remainder when 161 is divided by 27.
26
What is the remainder when 53 is divided by 32?
21
Calculate the remainder when 9023 is divided by 74.
69
What is the remainder when 565 is divided by 52?
45
What is the remainder when 15833 is divided by 14?
13
Calculate the remainder when 1899 is divided by 18.
9
What is the remainder when 232 is divided by 32?
8
Calculate the remainder when 383 is divided by 48.
47
Calculate the remainder when 215 is divided by 7.
5
What is the remainder when 491 is divided by 11?
7
What is the remainder when 12228 is divided by 139?
135
What is the remainder when 263 is divided by 39?
29
What is the remainder when 505 is divided by 54?
19
Calculate the remainder when 974 is divided by 140.
134
Calculate the remainder when 747 is divided by 59.
39
What is the remainder when 139 is divided by 64?
11
Calculate the remainder when 12935 is divided by 16.
7
What is the remainder when 326 is divided by 55?
51
Calculate the remainder when 2920 is divided by 68.
64
Calculate the remainder when 3184 is divided by 790.
24
What is the remainder when 1178 is divided b